{"id":59,"date":"2014-12-05T16:56:35","date_gmt":"2014-12-05T15:56:35","guid":{"rendered":"http:\/\/www.mary-chaplin.com\/artiste-peintre\/?page_id=59"},"modified":"2024-01-18T08:50:16","modified_gmt":"2024-01-18T07:50:16","slug":"contact-mary-chaplin-artiste-peintre-luministe","status":"publish","type":"page","link":"https:\/\/www.mary-chaplin.com\/artiste-peintre\/contact-mary-chaplin-artiste-peintre-luministe\/","title":{"rendered":""},"content":{"rendered":"<p style=\"text-align: center;\"><style id=\"depicter-103-inline-pre-css\">\n\n.depicter-103:not(.depicter-ready){\n\theight:calc( 100vh - 0px );\n}\n\n<\/style>\n<div id=\"depicter-103\" class=\"depicter depicter-document depicter-revert depicter-103 depicter-layout-fullscreen\">\n\n<div class=\"depicter-loading-container depicter-loading rings-dark\"><svg class=\"depicter-single-svg-loading\" viewBox=\"0 0 45 45\" xmlns=\"http:\/\/www.w3.org\/2000\/svg\">\n   <g fill=\"none\" fill-rule=\"evenodd\" transform=\"translate(1 1)\" stroke-width=\"2\">\n      <circle cx=\"22\" cy=\"22\" r=\"6\" stroke-opacity=\"0\">\n         <animate attributeName=\"r\" begin=\"1.5s\" dur=\"3s\" values=\"6;22\" calcMode=\"linear\" repeatCount=\"indefinite\" \/>\n         <animate attributeName=\"stroke-opacity\" begin=\"1.5s\" dur=\"3s\" values=\"1;0\" calcMode=\"linear\" repeatCount=\"indefinite\" \/>\n         <animate attributeName=\"stroke-width\" begin=\"1.5s\" dur=\"3s\" values=\"2;0\" calcMode=\"linear\" repeatCount=\"indefinite\" \/>\n      <\/circle>\n      <circle cx=\"22\" cy=\"22\" r=\"6\" stroke-opacity=\"0\">\n         <animate attributeName=\"r\" begin=\"3s\" dur=\"3s\" values=\"6;22\" calcMode=\"linear\" repeatCount=\"indefinite\" \/>\n         <animate attributeName=\"stroke-opacity\" begin=\"3s\" dur=\"3s\" values=\"1;0\" calcMode=\"linear\" repeatCount=\"indefinite\" \/>\n         <animate attributeName=\"stroke-width\" begin=\"3s\" dur=\"3s\" values=\"2;0\" calcMode=\"linear\" repeatCount=\"indefinite\" \/>\n      <\/circle>\n      <circle cx=\"22\" cy=\"22\" r=\"8\">\n         <animate attributeName=\"r\" begin=\"0s\" dur=\"1.5s\" values=\"6;1;2;3;4;5;6\" calcMode=\"linear\" repeatCount=\"indefinite\" \/>\n      <\/circle>\n   <\/g>\n<\/svg>\n<\/div>\n\n<div class=\"depicter-overlay-layers\">\n<picture id=\"depicter-103-element-8\" class=\"depicter-element depicter-layer depicter-103-element-8\" data-type=\"image\" data-wrap=\"true\" data-name=\"Image 4\" data-local-id=\"element-8\" data-offset=\"x:116px;y:270px;origin:ml\" data-mobile-offset=\"x:-126px;y:299px;origin:ml\" data-width=\"595px,,595px\" data-height=\"80px,,80px\" data-responsive-scale=\"true,,\" data-crop=\"false\">\n<source data-depicter-srcset=\"https:\/\/www.mary-chaplin.com\/artiste-peintre\/wp-content\/uploads\/2022\/09\/cropped-logo-mc-2022-595x80.png, https:\/\/www.mary-chaplin.com\/artiste-peintre\/wp-content\/uploads\/2022\/09\/cropped-logo-mc-2022-1190x160.png 2x\" srcset=\"data:image\/gif;base64,R0lGODlhAQABAIAAAAAAAP\/\/\/yH5BAEAAAAALAAAAAABAAEAAAIBRAA7\" \/>\n<img decoding=\"async\" src=\"data:image\/gif;base64,R0lGODlhAQABAIAAAAAAAP\/\/\/yH5BAEAAAAALAAAAAABAAEAAAIBRAA7\" data-depicter-src=\"https:\/\/www.mary-chaplin.com\/artiste-peintre\/wp-content\/uploads\/2022\/09\/cropped-logo-mc-2022-595x80.png\" alt=\"\" \/>\n<\/picture>\n<h1 data-animation-in=\"{'direction':'right','easing':'easeInOutExpo','duration':2500,'movement':300,'type':'move'}\" data-between-in-out=\"false\" id=\"depicter-103-element-7\" class=\"depicter-element depicter-layer depicter-103-element-7\" data-type=\"text\" data-wrap=\"true\" data-name=\"Text 1\" data-local-id=\"element-7\" data-offset=\"x:73px;y:-208px;origin:mr\" data-tablet-offset=\"x:35px;y:-197px;origin:ml\" data-mobile-offset=\"x:1px;y:-246px;origin:mc\" data-width=\"330px,271.438px,271.438px\" data-height=\"auto,auto,auto\" data-responsive-scale=\"true,,\">Une question, un tarif, une commande :<br>Contactez-moi<\/h1>\n\n<\/div>\n\n<div id=\"depicter-103-section-57\" class=\"depicter-section depicter-103-section-57\" data-name=\"Slide 9\" data-type=\"section\" data-local-id=\"section-57\">\n<picture class=\"depicter-bg\">\n<source data-depicter-srcset=\"https:\/\/www.mary-chaplin.com\/artiste-peintre\/wp-content\/uploads\/2014\/12\/ghh2w-768x576.jpg, https:\/\/www.mary-chaplin.com\/artiste-peintre\/wp-content\/uploads\/2014\/12\/ghh2w.jpg 2x\" srcset=\"data:image\/gif;base64,R0lGODlhAQABAIAAAAAAAP\/\/\/yH5BAEAAAAALAAAAAABAAEAAAIBRAA7\" media=\"(max-width: 1024px)\" \/>\n\n<source data-depicter-srcset=\"https:\/\/www.mary-chaplin.com\/artiste-peintre\/wp-content\/uploads\/2014\/12\/ghh2w.jpg, https:\/\/www.mary-chaplin.com\/artiste-peintre\/wp-content\/uploads\/2014\/12\/ghh2w-1181x886.jpg 2x\" srcset=\"data:image\/gif;base64,R0lGODlhAQABAIAAAAAAAP\/\/\/yH5BAEAAAAALAAAAAABAAEAAAIBRAA7\" media=\"(min-width: 1025px)\" \/>\n<img decoding=\"async\" src=\"data:image\/gif;base64,R0lGODlhAQABAIAAAAAAAP\/\/\/yH5BAEAAAAALAAAAAABAAEAAAIBRAA7\" alt=\"Galerij Huis Huis Gent Belgique exposition octobre 2017\" data-depicter-src=\"https:\/\/www.mary-chaplin.com\/artiste-peintre\/wp-content\/uploads\/2014\/12\/ghh2w.jpg\" \/>\n<\/picture>\n\n\n<div data-animation-in=\"{'direction':'left','easing':'easeOutQuart','duration':4000,'movement':0,'rotate':180,'delay':150,'type':'move'}\" data-animation-out=\"{'direction':'right','easing':'easeInOutQuart','duration':4000,'movement':35,'type':'move'}\" data-between-in-out=\"false\" id=\"depicter-103-element-79\" class=\"depicter-element depicter-layer depicter-103-element-79\" data-type=\"shape\" data-wrap=\"true\" data-name=\"Shape 1\" data-local-id=\"element-79\" data-offset=\"x:68px;y:-137px;origin:ml\" data-mobile-offset=\"x:-16px;y:-137px;origin:mr\" data-width=\"308px,,\" data-height=\"289px,,\" data-responsive-scale=\"true,,\"><\/div>\n<\/div>\n\n<div id=\"depicter-103-section-69\" class=\"depicter-section depicter-103-section-69\" data-name=\"Slide 10\" data-type=\"section\" data-local-id=\"section-69\">\n<picture id=\"depicter-103-element-78\" class=\"depicter-element depicter-layer depicter-103-element-78\" data-type=\"image\" data-wrap=\"true\" data-name=\"Image 11\" data-local-id=\"element-78\" data-offset=\"x:0px;y:-2px;origin:mr\" data-tablet-offset=\"x:-167px;y:-2px;origin:ml\" data-mobile-offset=\"x:-469px;y:-10px;origin:ml\" data-width=\"1191px,,1191px\" data-height=\"682px,,682px\" data-responsive-scale=\"true,,\" data-crop=\"false\">\n<source data-depicter-srcset=\"https:\/\/www.mary-chaplin.com\/artiste-peintre\/wp-content\/uploads\/2021\/05\/Mary-Chaplin-atelier-cany-barville-1191x682.jpg, https:\/\/www.mary-chaplin.com\/artiste-peintre\/wp-content\/uploads\/2021\/05\/Mary-Chaplin-atelier-cany-barville-2382x1364.jpg 2x\" srcset=\"data:image\/gif;base64,R0lGODlhAQABAIAAAAAAAP\/\/\/yH5BAEAAAAALAAAAAABAAEAAAIBRAA7\" media=\"(max-width: 767px)\" \/>\n\n<source data-depicter-srcset=\"https:\/\/www.mary-chaplin.com\/artiste-peintre\/wp-content\/uploads\/2021\/05\/Mary-Chaplin-atelier-cany-barville-1191x876.jpg, https:\/\/www.mary-chaplin.com\/artiste-peintre\/wp-content\/uploads\/2021\/05\/Mary-Chaplin-atelier-cany-barville-2382x1752.jpg 2x\" srcset=\"data:image\/gif;base64,R0lGODlhAQABAIAAAAAAAP\/\/\/yH5BAEAAAAALAAAAAABAAEAAAIBRAA7\" media=\"(max-width: 1024px)\" \/>\n\n<source data-depicter-srcset=\"https:\/\/www.mary-chaplin.com\/artiste-peintre\/wp-content\/uploads\/2021\/05\/Mary-Chaplin-atelier-cany-barville-1191x682.jpg, https:\/\/www.mary-chaplin.com\/artiste-peintre\/wp-content\/uploads\/2021\/05\/Mary-Chaplin-atelier-cany-barville-2382x1364.jpg 2x\" srcset=\"data:image\/gif;base64,R0lGODlhAQABAIAAAAAAAP\/\/\/yH5BAEAAAAALAAAAAABAAEAAAIBRAA7\" media=\"(min-width: 1025px)\" \/>\n<img decoding=\"async\" src=\"data:image\/gif;base64,R0lGODlhAQABAIAAAAAAAP\/\/\/yH5BAEAAAAALAAAAAABAAEAAAIBRAA7\" data-depicter-src=\"https:\/\/www.mary-chaplin.com\/artiste-peintre\/wp-content\/uploads\/2021\/05\/Mary-Chaplin-atelier-cany-barville-1191x682.jpg\" alt=\"Atelier de Mary Chaplin Cany-Barville Normandie\" \/>\n<\/picture>\n<div data-animation-in=\"{'direction':'left','easing':'easeOutQuart','duration':2200,'movement':0,'rotate':180,'delay':150,'type':'move'}\" data-between-in-out=\"false\" id=\"depicter-103-element-80\" class=\"depicter-element depicter-layer depicter-103-element-80\" data-type=\"shape\" data-wrap=\"true\" data-name=\"Shape 2\" data-local-id=\"element-80\" data-offset=\"x:148px;y:147px;origin:mr\" data-mobile-offset=\"x:-51px;y:147px;origin:ml\" data-width=\"263px,,\" data-height=\"246px,,\" data-responsive-scale=\"true,,\"><\/div>\n<\/div>\n\n<div id=\"depicter-103-section-11\" class=\"depicter-section depicter-103-section-11\" data-name=\"Slide 3\" data-type=\"section\" data-local-id=\"section-11\">\n<picture id=\"depicter-103-element-77\" class=\"depicter-element depicter-layer depicter-103-element-77\" data-type=\"image\" data-wrap=\"true\" data-name=\"Image 10\" data-local-id=\"element-77\" data-offset=\"x:0px;y:-3px;origin:ml\" data-mobile-offset=\"x:-421px;y:0px;origin:ml\" data-width=\"1205px,,1205px\" data-height=\"694px,,694px\" data-responsive-scale=\"true,,\" data-crop=\"false\">\n<source data-depicter-srcset=\"https:\/\/www.mary-chaplin.com\/artiste-peintre\/wp-content\/uploads\/2022\/03\/la-vie-en-rose-80-diametre-1205x694.jpg, https:\/\/www.mary-chaplin.com\/artiste-peintre\/wp-content\/uploads\/2022\/03\/la-vie-en-rose-80-diametre-2410x1388.jpg 2x\" srcset=\"data:image\/gif;base64,R0lGODlhAQABAIAAAAAAAP\/\/\/yH5BAEAAAAALAAAAAABAAEAAAIBRAA7\" media=\"(max-width: 767px)\" \/>\n\n<source data-depicter-srcset=\"https:\/\/www.mary-chaplin.com\/artiste-peintre\/wp-content\/uploads\/2022\/03\/la-vie-en-rose-80-diametre-1205x896.jpg, https:\/\/www.mary-chaplin.com\/artiste-peintre\/wp-content\/uploads\/2022\/03\/la-vie-en-rose-80-diametre-2410x1792.jpg 2x\" srcset=\"data:image\/gif;base64,R0lGODlhAQABAIAAAAAAAP\/\/\/yH5BAEAAAAALAAAAAABAAEAAAIBRAA7\" media=\"(max-width: 1024px)\" \/>\n\n<source data-depicter-srcset=\"https:\/\/www.mary-chaplin.com\/artiste-peintre\/wp-content\/uploads\/2022\/03\/la-vie-en-rose-80-diametre-1205x694.jpg, https:\/\/www.mary-chaplin.com\/artiste-peintre\/wp-content\/uploads\/2022\/03\/la-vie-en-rose-80-diametre-2410x1388.jpg 2x\" srcset=\"data:image\/gif;base64,R0lGODlhAQABAIAAAAAAAP\/\/\/yH5BAEAAAAALAAAAAABAAEAAAIBRAA7\" media=\"(min-width: 1025px)\" \/>\n<img decoding=\"async\" src=\"data:image\/gif;base64,R0lGODlhAQABAIAAAAAAAP\/\/\/yH5BAEAAAAALAAAAAABAAEAAAIBRAA7\" data-depicter-src=\"https:\/\/www.mary-chaplin.com\/artiste-peintre\/wp-content\/uploads\/2022\/03\/la-vie-en-rose-80-diametre-1205x694.jpg\" alt=\"\" \/>\n<\/picture>\n<div data-animation-in=\"{'direction':'top','easing':'easeOutQuart','duration':3500,'movement':1000,'fade':true,'type':'move'}\" data-animation-out=\"{'direction':'left','easing':'easeInOutQuart','duration':1600,'movement':0,'rotate':-35,'type':'move'}\" data-between-in-out=\"false\" id=\"depicter-103-element-40\" class=\"depicter-element depicter-layer depicter-103-element-40\" data-type=\"svg\" data-wrap=\"true\" data-name=\"SVG 3\" data-local-id=\"element-40\" data-offset=\"x:163px;y:29px;origin:mr\" data-mobile-offset=\"x:47px;y:29px;origin:ml\" data-width=\"150px,,\" data-height=\"130px,,\" data-responsive-scale=\"true,,\">\n\t<svg width=\"100%\" height=\"100%\" viewBox=\"0 0 100 87\"><path d=\"M50 0l50 86.984H0zm0 0\" \/><\/svg>\n<\/div>\n<\/div>\n<\/div>\n<script>\n(window.depicterSetups = window.depicterSetups || []).push(function(){\n\tDepicter.basePath = 'https:\/\/www.mary-chaplin.com\/artiste-peintre\/wp-content\/plugins\/depicter\/resources\/scripts\/player\/';\n\tconst dpPlayer = Depicter.setup('.depicter-103',\n\t\t{\"width\":[\"1200\",\"1024\",\"360\"],\"height\":[\"700\",\"700\",\"740\"],\"view\":\"fade\",\"keepAspectRatio\":false,\"preload\":0,\"layout\":\"fullscreen\",\"rtl\":false,\"initAfterAppear\":false,\"ajaxApiUrl\":\"https:\\\/\\\/www.mary-chaplin.com\\\/artiste-peintre\\\/wp-admin\\\/admin-ajax.php\",\"slideshow\":{\"duration\":3,\"pauseOnHover\":false,\"autostart\":true},\"mouseSwipe\":true,\"touchSwipe\":true,\"fullscreenMargin\":\"0\",\"useWatermark\":false}\n\t);\n});\n<\/script><\/p>\n<p>Pour me contacter :\u00a0 <strong>t\u00e9l portable : 06 24 72 49 16 .<br \/>\nMa galerie de pr\u00e9sentation est ouverte les samedis et lundis ou sur rendez-vous. Elle se situe sur les bords de la Durdent dans la commune de Cany-Barville en Seine Maritime, Normandie. <a href=\"https:\/\/cote-albatre-tourisme.fr\/commerce\/397-atelier-galerie-de-mary-chaplin\/\" target=\"_blank\" rel=\"noopener\">A deux pas de la c\u00f4te d&rsquo;Alb\u00e2tre et de ses magnifiques sites touristiques!<\/a> A noter que mon atelier de cr\u00e9ation n&rsquo;est pas lui ouvert au public.<br \/>\nVous serez tenu(e)s au courant de son ouverture en suivant mon site internet et <a href=\"https:\/\/www.mary-chaplin.com\/artiste-peintre\/expositions-de-mary-chaplin\/\" target=\"_blank\" rel=\"noopener\">mon actualit\u00e9.<\/a><br \/>\n<\/strong><\/p>\n<p>En attendant, n\u2019h\u00e9sitez pas \u00e0 me contacter pour un tarif ou tous autres renseignements compl\u00e9mentaires :<\/p>\n<p>Mon formulaire de contact, n\u2019h\u00e9sitez pas \u00e0 \u00eatre le plus pr\u00e9cis dans votre demande (nom de l\u2019\u0153uvre, jour de votre venue, \u2026) :<\/p>\n<p style=\"text-align: center;\">\n<div class=\"wpcf7 no-js\" id=\"wpcf7-f8-o1\" lang=\"fr-FR\" dir=\"ltr\" data-wpcf7-id=\"8\">\n<div class=\"screen-reader-response\"><p role=\"status\" aria-live=\"polite\" aria-atomic=\"true\"><\/p> <ul><\/ul><\/div>\n<form action=\"\/artiste-peintre\/wp-json\/wp\/v2\/pages\/59#wpcf7-f8-o1\" method=\"post\" class=\"wpcf7-form init\" aria-label=\"Formulaire de contact\" novalidate=\"novalidate\" data-status=\"init\">\n<fieldset class=\"hidden-fields-container\"><input type=\"hidden\" name=\"_wpcf7\" value=\"8\" \/><input type=\"hidden\" name=\"_wpcf7_version\" value=\"6.1.5\" \/><input type=\"hidden\" name=\"_wpcf7_locale\" value=\"fr_FR\" \/><input type=\"hidden\" name=\"_wpcf7_unit_tag\" value=\"wpcf7-f8-o1\" \/><input type=\"hidden\" name=\"_wpcf7_container_post\" value=\"0\" \/><input type=\"hidden\" name=\"_wpcf7_posted_data_hash\" value=\"\" \/>\n<\/fieldset>\n<p>Votre nom (obligatoire)\n<\/p>\n<p><span class=\"wpcf7-form-control-wrap\" data-name=\"your-name\"><input size=\"40\" maxlength=\"400\" class=\"wpcf7-form-control wpcf7-text wpcf7-validates-as-required\" aria-required=\"true\" aria-invalid=\"false\" value=\"\" type=\"text\" name=\"your-name\" \/><\/span>\n<\/p>\n<p>Votre email (obligatoire)\n<\/p>\n<p><span class=\"wpcf7-form-control-wrap\" data-name=\"your-email\"><input size=\"40\" maxlength=\"400\" class=\"wpcf7-form-control wpcf7-email wpcf7-validates-as-required wpcf7-text wpcf7-validates-as-email\" aria-required=\"true\" aria-invalid=\"false\" value=\"\" type=\"email\" name=\"your-email\" \/><\/span>\n<\/p>\n<p>Sujet\n<\/p>\n<p><span class=\"wpcf7-form-control-wrap\" data-name=\"your-subject\"><input size=\"40\" maxlength=\"400\" class=\"wpcf7-form-control wpcf7-text\" aria-invalid=\"false\" value=\"\" type=\"text\" name=\"your-subject\" \/><\/span>\n<\/p>\n<p>Votre message\n<\/p>\n<p><span class=\"wpcf7-form-control-wrap\" data-name=\"your-message\"><textarea cols=\"40\" rows=\"10\" maxlength=\"2000\" class=\"wpcf7-form-control wpcf7-textarea\" aria-invalid=\"false\" name=\"your-message\"><\/textarea><\/span>\n<\/p>\n<p><input class=\"wpcf7-form-control wpcf7-submit has-spinner\" type=\"submit\" value=\"Envoyer\" \/>\n<\/p><p style=\"display: none !important;\" class=\"akismet-fields-container\" data-prefix=\"_wpcf7_ak_\"><label>&#916;<textarea name=\"_wpcf7_ak_hp_textarea\" cols=\"45\" rows=\"8\" maxlength=\"100\"><\/textarea><\/label><input type=\"hidden\" id=\"ak_js_1\" name=\"_wpcf7_ak_js\" value=\"34\"\/><script>document.getElementById( \"ak_js_1\" ).setAttribute( \"value\", ( new Date() ).getTime() );<\/script><\/p><div class=\"wpcf7-response-output\" aria-hidden=\"true\"><\/div>\n<\/form>\n<\/div>\n<\/p>\n<p style=\"text-align: center;\"><a href=\"iframe%20src=https:\/\/www.google.com\/maps\/embed?pb=!1m18!1m12!1m3!1d4332.178890583658!2d0.6330458424753125!3d49.787400470573374!2m3!1f0!2f0!3f0!3m2!1i1024!2i768!4f13.1!3m3!1m2!1s0x47e063ec3beef7b5%3A0x5bba3be2f3c8195d!2s84%20Rue%20du%20G%C3%A9n%C3%A9ral%20de%20Gaulle%2C%2076450%20Cany-Barville!5e0!3m2!1sfr!2sfr!4v1623135374375!5m2!1sfr!2sfr%20width=600%20height=450%20style=border:0;%20allowfullscreen=%20loading=lazy\/iframe\"><iframe loading=\"lazy\" style=\"border: 0;\" src=\"https:\/\/www.google.com\/maps\/embed?pb=!1m18!1m12!1m3!1d4332.178890583658!2d0.6330458424753125!3d49.787400470573374!2m3!1f0!2f0!3f0!3m2!1i1024!2i768!4f13.1!3m3!1m2!1s0x47e063ec3beef7b5%3A0x5bba3be2f3c8195d!2s84%20Rue%20du%20G%C3%A9n%C3%A9ral%20de%20Gaulle%2C%2076450%20Cany-Barville!5e0!3m2!1sfr!2sfr!4v1623135374375!5m2!1sfr!2sfr\" width=\"600\" height=\"450\" allowfullscreen=\"allowfullscreen\"><\/iframe><\/a><br \/>\n__________________________________<\/p>\n","protected":false},"excerpt":{"rendered":"<p>Pour me contacter :\u00a0 t\u00e9l portable : 06 24 72 49 16 . Ma galerie de pr\u00e9sentation est ouverte les samedis et lundis ou sur rendez-vous. Elle se situe sur les bords de la Durdent dans la commune de Cany-Barville en Seine Maritime, Normandie. A deux pas de la c\u00f4te d&rsquo;Alb\u00e2tre et de ses magnifiques [&hellip;]<\/p>\n","protected":false},"author":1,"featured_media":0,"parent":0,"menu_order":0,"comment_status":"closed","ping_status":"closed","template":"page-full-width.php","meta":{"footnotes":""},"class_list":["post-59","page","type-page","status-publish","hentry"],"yoast_head":"<!-- This site is optimized with the Yoast SEO plugin v27.4 - https:\/\/yoast.com\/product\/yoast-seo-wordpress\/ -->\n<title>Prendre contact avec l&#039;Artiste peintre Mary Chaplin \u00e0 Cany-Barville.<\/title>\n<meta name=\"description\" content=\"Formulaire de contact de Mary Chaplin, artiste peintre contemporain. Atelier situ\u00e9 \u00e0 Cany-Barville en Normandie, c\u00f4te d&#039;Alb\u00e2tre.\" \/>\n<meta name=\"robots\" content=\"index, follow, max-snippet:-1, max-image-preview:large, max-video-preview:-1\" \/>\n<link rel=\"canonical\" href=\"https:\/\/www.mary-chaplin.com\/artiste-peintre\/contact-mary-chaplin-artiste-peintre-luministe\/\" \/>\n<meta property=\"og:locale\" content=\"fr_FR\" \/>\n<meta property=\"og:type\" content=\"article\" \/>\n<meta property=\"og:title\" content=\"Prendre contact avec l&#039;Artiste peintre Mary Chaplin \u00e0 Cany-Barville.\" \/>\n<meta property=\"og:description\" content=\"Formulaire de contact de Mary Chaplin, artiste peintre contemporain. Atelier situ\u00e9 \u00e0 Cany-Barville en Normandie, c\u00f4te d&#039;Alb\u00e2tre.\" \/>\n<meta property=\"og:url\" content=\"https:\/\/www.mary-chaplin.com\/artiste-peintre\/contact-mary-chaplin-artiste-peintre-luministe\/\" \/>\n<meta property=\"og:site_name\" content=\"Mary Chaplin Artiste peintre\" \/>\n<meta property=\"article:modified_time\" content=\"2024-01-18T07:50:16+00:00\" \/>\n<meta name=\"twitter:card\" content=\"summary_large_image\" \/>\n<script type=\"application\/ld+json\" class=\"yoast-schema-graph\">{\"@context\":\"https:\\\/\\\/schema.org\",\"@graph\":[{\"@type\":\"WebPage\",\"@id\":\"https:\\\/\\\/www.mary-chaplin.com\\\/artiste-peintre\\\/contact-mary-chaplin-artiste-peintre-luministe\\\/\",\"url\":\"https:\\\/\\\/www.mary-chaplin.com\\\/artiste-peintre\\\/contact-mary-chaplin-artiste-peintre-luministe\\\/\",\"name\":\"Prendre contact avec l'Artiste peintre Mary Chaplin \u00e0 Cany-Barville.\",\"isPartOf\":{\"@id\":\"https:\\\/\\\/www.mary-chaplin.com\\\/artiste-peintre\\\/#website\"},\"datePublished\":\"2014-12-05T15:56:35+00:00\",\"dateModified\":\"2024-01-18T07:50:16+00:00\",\"description\":\"Formulaire de contact de Mary Chaplin, artiste peintre contemporain. Atelier situ\u00e9 \u00e0 Cany-Barville en Normandie, c\u00f4te d'Alb\u00e2tre.\",\"inLanguage\":\"fr-FR\",\"potentialAction\":[{\"@type\":\"ReadAction\",\"target\":[\"https:\\\/\\\/www.mary-chaplin.com\\\/artiste-peintre\\\/contact-mary-chaplin-artiste-peintre-luministe\\\/\"]}]},{\"@type\":\"WebSite\",\"@id\":\"https:\\\/\\\/www.mary-chaplin.com\\\/artiste-peintre\\\/#website\",\"url\":\"https:\\\/\\\/www.mary-chaplin.com\\\/artiste-peintre\\\/\",\"name\":\"Mary Chaplin Artiste peintre\",\"description\":\"Artiste peintre Wailly Conty, Impressionnisme abstrait contemporain Hauts de France\",\"publisher\":{\"@id\":\"https:\\\/\\\/www.mary-chaplin.com\\\/artiste-peintre\\\/#organization\"},\"potentialAction\":[{\"@type\":\"SearchAction\",\"target\":{\"@type\":\"EntryPoint\",\"urlTemplate\":\"https:\\\/\\\/www.mary-chaplin.com\\\/artiste-peintre\\\/?s={search_term_string}\"},\"query-input\":{\"@type\":\"PropertyValueSpecification\",\"valueRequired\":true,\"valueName\":\"search_term_string\"}}],\"inLanguage\":\"fr-FR\"},{\"@type\":\"Organization\",\"@id\":\"https:\\\/\\\/www.mary-chaplin.com\\\/artiste-peintre\\\/#organization\",\"name\":\"Mary Chaplin Artiste peintre\",\"url\":\"https:\\\/\\\/www.mary-chaplin.com\\\/artiste-peintre\\\/\",\"logo\":{\"@type\":\"ImageObject\",\"inLanguage\":\"fr-FR\",\"@id\":\"https:\\\/\\\/www.mary-chaplin.com\\\/artiste-peintre\\\/#\\\/schema\\\/logo\\\/image\\\/\",\"url\":\"https:\\\/\\\/www.mary-chaplin.com\\\/artiste-peintre\\\/wp-content\\\/uploads\\\/2022\\\/09\\\/cropped-logo-mc.png\",\"contentUrl\":\"https:\\\/\\\/www.mary-chaplin.com\\\/artiste-peintre\\\/wp-content\\\/uploads\\\/2022\\\/09\\\/cropped-logo-mc.png\",\"width\":848,\"height\":137,\"caption\":\"Mary Chaplin Artiste peintre\"},\"image\":{\"@id\":\"https:\\\/\\\/www.mary-chaplin.com\\\/artiste-peintre\\\/#\\\/schema\\\/logo\\\/image\\\/\"}}]}<\/script>\n<!-- \/ Yoast SEO plugin. -->","yoast_head_json":{"title":"Prendre contact avec l'Artiste peintre Mary Chaplin \u00e0 Cany-Barville.","description":"Formulaire de contact de Mary Chaplin, artiste peintre contemporain. Atelier situ\u00e9 \u00e0 Cany-Barville en Normandie, c\u00f4te d'Alb\u00e2tre.","robots":{"index":"index","follow":"follow","max-snippet":"max-snippet:-1","max-image-preview":"max-image-preview:large","max-video-preview":"max-video-preview:-1"},"canonical":"https:\/\/www.mary-chaplin.com\/artiste-peintre\/contact-mary-chaplin-artiste-peintre-luministe\/","og_locale":"fr_FR","og_type":"article","og_title":"Prendre contact avec l'Artiste peintre Mary Chaplin \u00e0 Cany-Barville.","og_description":"Formulaire de contact de Mary Chaplin, artiste peintre contemporain. Atelier situ\u00e9 \u00e0 Cany-Barville en Normandie, c\u00f4te d'Alb\u00e2tre.","og_url":"https:\/\/www.mary-chaplin.com\/artiste-peintre\/contact-mary-chaplin-artiste-peintre-luministe\/","og_site_name":"Mary Chaplin Artiste peintre","article_modified_time":"2024-01-18T07:50:16+00:00","twitter_card":"summary_large_image","schema":{"@context":"https:\/\/schema.org","@graph":[{"@type":"WebPage","@id":"https:\/\/www.mary-chaplin.com\/artiste-peintre\/contact-mary-chaplin-artiste-peintre-luministe\/","url":"https:\/\/www.mary-chaplin.com\/artiste-peintre\/contact-mary-chaplin-artiste-peintre-luministe\/","name":"Prendre contact avec l'Artiste peintre Mary Chaplin \u00e0 Cany-Barville.","isPartOf":{"@id":"https:\/\/www.mary-chaplin.com\/artiste-peintre\/#website"},"datePublished":"2014-12-05T15:56:35+00:00","dateModified":"2024-01-18T07:50:16+00:00","description":"Formulaire de contact de Mary Chaplin, artiste peintre contemporain. Atelier situ\u00e9 \u00e0 Cany-Barville en Normandie, c\u00f4te d'Alb\u00e2tre.","inLanguage":"fr-FR","potentialAction":[{"@type":"ReadAction","target":["https:\/\/www.mary-chaplin.com\/artiste-peintre\/contact-mary-chaplin-artiste-peintre-luministe\/"]}]},{"@type":"WebSite","@id":"https:\/\/www.mary-chaplin.com\/artiste-peintre\/#website","url":"https:\/\/www.mary-chaplin.com\/artiste-peintre\/","name":"Mary Chaplin Artiste peintre","description":"Artiste peintre Wailly Conty, Impressionnisme abstrait contemporain Hauts de France","publisher":{"@id":"https:\/\/www.mary-chaplin.com\/artiste-peintre\/#organization"},"potentialAction":[{"@type":"SearchAction","target":{"@type":"EntryPoint","urlTemplate":"https:\/\/www.mary-chaplin.com\/artiste-peintre\/?s={search_term_string}"},"query-input":{"@type":"PropertyValueSpecification","valueRequired":true,"valueName":"search_term_string"}}],"inLanguage":"fr-FR"},{"@type":"Organization","@id":"https:\/\/www.mary-chaplin.com\/artiste-peintre\/#organization","name":"Mary Chaplin Artiste peintre","url":"https:\/\/www.mary-chaplin.com\/artiste-peintre\/","logo":{"@type":"ImageObject","inLanguage":"fr-FR","@id":"https:\/\/www.mary-chaplin.com\/artiste-peintre\/#\/schema\/logo\/image\/","url":"https:\/\/www.mary-chaplin.com\/artiste-peintre\/wp-content\/uploads\/2022\/09\/cropped-logo-mc.png","contentUrl":"https:\/\/www.mary-chaplin.com\/artiste-peintre\/wp-content\/uploads\/2022\/09\/cropped-logo-mc.png","width":848,"height":137,"caption":"Mary Chaplin Artiste peintre"},"image":{"@id":"https:\/\/www.mary-chaplin.com\/artiste-peintre\/#\/schema\/logo\/image\/"}}]}},"_links":{"self":[{"href":"https:\/\/www.mary-chaplin.com\/artiste-peintre\/wp-json\/wp\/v2\/pages\/59","targetHints":{"allow":["GET"]}}],"collection":[{"href":"https:\/\/www.mary-chaplin.com\/artiste-peintre\/wp-json\/wp\/v2\/pages"}],"about":[{"href":"https:\/\/www.mary-chaplin.com\/artiste-peintre\/wp-json\/wp\/v2\/types\/page"}],"author":[{"embeddable":true,"href":"https:\/\/www.mary-chaplin.com\/artiste-peintre\/wp-json\/wp\/v2\/users\/1"}],"replies":[{"embeddable":true,"href":"https:\/\/www.mary-chaplin.com\/artiste-peintre\/wp-json\/wp\/v2\/comments?post=59"}],"version-history":[{"count":18,"href":"https:\/\/www.mary-chaplin.com\/artiste-peintre\/wp-json\/wp\/v2\/pages\/59\/revisions"}],"predecessor-version":[{"id":1906,"href":"https:\/\/www.mary-chaplin.com\/artiste-peintre\/wp-json\/wp\/v2\/pages\/59\/revisions\/1906"}],"wp:attachment":[{"href":"https:\/\/www.mary-chaplin.com\/artiste-peintre\/wp-json\/wp\/v2\/media?parent=59"}],"curies":[{"name":"wp","href":"https:\/\/api.w.org\/{rel}","templated":true}]}}